s divided by 146/9 + -1 - (-4)/(-18).
11
Suppose 22 = 5*q - 13. What is the remainder when 429/22 - (-1)/2 is divided by q?
6
Suppose w + 4*c - 78 = 0, -2*c - 223 = -3*w - 3*c. Calculate the remainder when w is divided by 25.
24
Suppose g + 2*o = 49, 5*o = -g + 36 + 7. Calculate the remainder when 32 is divided by 10/(-15) - g/(-3).
15
Let a = -28 - -39. Let v = 21 - 30. Calculate the remainder when (-642)/(-21) + v/(-21) is divided by a.
9
Let l be 1/(2/8*-2). Let y = 4 - l. Calculate the remainder when 11 is divided by y.
5
Suppose 17*f - 11*f = 24. Calculate the remainder when 6 is divided by f.
2
Let h(g) = 5 + 2 - 3 - 11*g - 3. What is the remainder when h(-2) is divided by 12?
11
Suppose 3*j - 1 = 2*c - 36, 5 = 5*j. Let q(t) = t**2 - 8*t + 17. Let d be q(7). What is the remainder when c is divided by -4*4/(-16) + d?
8
Suppose 5*g = 3*h - 4*h + 68, 5*g = -3*h + 74. Calculate the remainder when 59 is divided by g.
7
Suppose 4*n + 14 = -6. Let r = 4 - -6. Let z = n + r. What is the remainder when z is divided by 3?
2
Suppose -19*r + 600 = -4*r. Suppose -10 - 4 = -p. Calculate the remainder when r is divided by p.
12
Let k = -43 + 74. Let c = -22 + k. Let h = 72 + -47. What is the remainder when h is divided by c?
7
Calculate the remainder when 131 is divided by (24/(-36))/(2/(-99)).
32
Let s(l) = l**3 - 12*l**2 + l + 18. What is the remainder when 179 is divided by s(12)?
29
Let b(d) = 2*d**2 + 4. Calculate the remainder when 141 is divided by b(-4).
33
Let z(p) = 5*p - 19. What is the remainder when z(8) is divided by 12?
9
Let q = 6 - 30. Let z = q + 59. What is the remainder when z is divided by 12?
11
Let i(p) = p**3 - p**2 - p - 9. Let z be i(0). Let l(h) = h**3 + 8*h**2 - 9*h + 11. Calculate the remainder when l(z) is divided by 6.
5
What is the remainder when 249 is divided by (2 + -4 - 1) + (55 - 2)?
49
Let b be 45/12 + (-2)/(-8). Suppose b*m - 3*c + 7 = 28, 0 = 4*c - 20. Calculate the remainder when m is divided by 4.
1
What is the remainder when 140 is divided by 14 - (0 - (1 + -4))?
8
Suppose 4*b - 5*z - 31 = 0, 5*b - z - 20 = 3. What is the remainder when b is divided by 4?
0
Suppose -26 = -3*w - 2*p, 0 = w - 3*p - 20 - 7. Let v = -10 + w. What is the remainder when 4 is divided by v?
0
Let d = -4 + 8. What is the remainder when 17 is divided by d?
1
Let c be -1*(2 + -1) + 2. Let n = c + 0. Calculate the remainder when 2 is divided by n.
0
Let d = 21 + 4. Let z = -26 + 65. Suppose 0 = 4*c, -h - z = -4*h + 2*c. Calculate the remainder when d is divided by h.
12
Suppose 2*t = 109 - 3. Let n = -4 + t. What is the remainder when n is divided by 10?
9
Let k = 38 - 26. Calculate the remainder when 21 is divided by k.
9
Let w = 2 - 1. Suppose -3 = 3*o - 2*f - w, 0 = 3*o + 2*f - 14. Let d(u) = -3*u - 9. Calculate the remainder when d(-4) is divided by o.
1
Suppose -3*t + 5*i = -38, 4*t + 4*i = -0*i + 104. Let h = -4 + 10. Let a(m) = m**2 - 4*m - 1. What is the remainder when t is divided by a(h)?
10
Let y(g) = -g**3 - 8*g**2 + 8. Suppose -h + 18 = 4*i, -2*i = -4*h + 2*i - 8. Suppose 0 = h*r - 12 - 18. Calculate the remainder when r is divided by y(-8).
7
Let m(o) = o**3 - 2*o**2. Let g be m(4). Let t = 3 + g. What is the remainder when t is divided by 19?
16
Let q(z) = -z + 31. What is the remainder when q(7) is divided by 9?
6
Let r be 47/3 - 4/6. Suppose -2*k + 10 = -3*q, -2*q - 5*k - 9 = -q. Let s = r + q. What is the remainder when 31 is divided by s?
9
Suppose 4*a - 20 = 0, -6*a = 4*w - a - 89. Let q(v) = 3*v + 21. Calculate the remainder when q(w) is divided by 24.
21
Let i(g) = g**2 + g - 7. Calculate the remainder when i(-8) is divided by 17.
15
Let c be (3/9)/((-1)/(-57)). Let i = c - 11. Let p = 15 + -1. Calculate the remainder when p is divided by i.
6
Let y = -9 - -6. Calculate the remainder when 53 is divided by (-28)/(-1) + (y - -2).
26
Suppose -3*g = -w - 5 - 4, -3*g = 2*w. Suppose -q - g*q = -12. Suppose -2 = -k - 0. What is the remainder when q is divided by k?
0
Let p = 7 + -4. Suppose q - 28 = p*w, 4*w + w = -3*q + 28. What is the remainder when q is divided by 5?
1
Let n = -10 - -5. Suppose -2*c + 2*m = 24, 4*c - 5*m + 2*m + 51 = 0. What is the remainder when (-6)/n*c/(-2) is divided by 5?
4
Let d = -6 - -6. Suppose -5*l - v + 47 = -15, -2*v = -l + 19. Calculate the remainder when (-650)/(-13) + (0 - d) is divided by l.
11
Suppose 0 = 11*h - 12*h + 37. Calculate the remainder when h is divided by 50*((-4)/(-10) + 0).
17
Let t be (0 - 2) + -1 + 1. Calculate the remainder when (t + 59/(-4))*-4 is divided by 23.
21
Suppose -5*b + 3*m + 249 = 0, 4*b - 68 - 128 = 4*m. Calculate the remainder when (b/12)/(3/24) is divided by 18.
16
Suppose 4*g - 109 = 123. Calculate the remainder when g is divided by 15.
13
Let r be 0 + -9 + -1 + 1. Let u = 20 + r. What is the remainder when 20 is divided by u?
9
Let x(c) = c**3 + 9*c**2 - 2*c - 13. Suppose 3*w = 2*f - 0*f + 14, 2*f - 2*w + 10 = 0. Let b = f - -14. What is the remainder when b is divided by x(-9)?
3
Calculate the remainder when (-498)/(-4) + 7/14 is divided by 32.
29
Let r = -85 - -95. Calculate the remainder when r is divided by 6.
4
Let m = 3 - 15. Let f = m - -24. Calculate the remainder when 23 is divided by f.
11
Suppose 3*f + 1 = -5*i + 13, 2*f = -4*i + 8. Calculate the remainder when 4 is divided by f.
0
Let w(r) = -66*r. Let z be w(-2). Suppose -2*i + 0*i - 2*a = -76, 4*i - a = z. Let y = 41 + -23. What is the remainder when i is divided by y?
16
Let t = 205 - 86. Suppose -5*w + t = 4*l, 4*w = -2*l + 3*l - 14. Let f(x) = -x**3 + 10*x**2 + 2*x - 6. Calculate the remainder when l is divided by f(10).
12
Suppose -12*d + 14*d = 116. Let x(o) = -3*o - 12. Calculate the remainder when d is divided by x(-9).
13
Let j(x) = -x + 6. Suppose 44 = -0*r + 4*r - 4*w, 4*w = -5*r + 64. Calculate the remainder when j(4) is divided by r/7 + (-12)/(-42).
0
Suppose 8*l + 6*l = 56. Calculate the remainder when 30 is divided by l.
2
Suppose 3*l - 3*x - 63 = -6*x, 99 = 4*l - x. Let k be (-2)/(-2) - (-1 - 28). Let z = k - 17. What is the remainder when l is divided by z?
11
Suppose 4 = -q - 1. Let s = 14 + q. Suppose -130 = -3*o - 2*o. Calculate the remainder when o is divided by s.
8
Suppose 3*k - 7*k + x = -27, -2*x = -5*k + 30. What is the remainder when 21 is divided by k?
5
Let h(g) = -g**3 + 11*g**2 - 3*g + 41. Let p = 5 + 0. What is the remainder when h(11) is divided by p?
3
Let s(a) = a**3 - 6*a**2 + 5*a + 9. Let o be s(5). Let d(h) = h**2 - 9*h + 8. Calculate the remainder when 30 is divided by d(o).
6
Let r(s) = -s + 5. Let p be r(3). What is the remainder when 142 is divided by p - (36/(-1) + 2)?
34
Let c = -2 - -28. What is the remainder when c is divided by 15?
11
Let h(m) = 9*m**2 - 3*m - 3. Let y be h(4). Let n = -35 + y. What is the remainder when n is divided by 24?
22
Let b be (16 + 1)*60/6. Suppose 0 = -o + 6*o - b. Let q = 14 + 4. What is the remainder when o is divided by q?
16
Suppose 2*i + 4 = 0, 3*i - 1 = 2*j - 11. Suppose 0*h + 8 = j*h. What is the remainder when 26 is divided by (12/10)/(h/30)?
8
Let u(k) = 8*k - 4. Let c be u(9). Suppose 4*v - 136 = -4*w, -4*w = -2*v - 5*w + c. Calculate the remainder when v is divided by 12.
10
Suppose -3*s = -u + 18, 0*s - 46 = -3*u + 5*s. Calculate the remainder when 47 is divided by u.
11
Let k(w) = -w**3 + 6*w**2 + 6*w + 5. Suppose 0 = i + 3*i - 28. Let f be k(i). What is the remainder when -33*(6/f - -2) is divided by 17?
16
Let s = 0 - -8. Calculate the remainder when (-15)/((-22)/s - -2) is divided by (-5 + 3)*7/(-2).
6
Let c(u) = -u + 55. Let j be (-2 + 2)/(-1 - -4). Let v be c(j). Let t = v + -29. What is the remainder when 50 is divided by t?
24
Let i = 15 + -11. Let m(w) = w + 4. Let a be m(-5). What is the remainder when i is divided by a - -2*(1 - -1)?
1
Let q(m) = -13*m**3 - m. Suppose 0 = 5*a + 1 - 11, -2 = 2*z + 5*a. Calculate the remainder when (-2)/(-3) - 236/z is divided by q(-1).
12
Suppose 14 = 2*c - 10. What is the remainder when c is divided by 5?
2
Let p(m) = 50*m - 1. Let l be p(2). Suppose 5*z + 4*n = l, 4 = 2*n + 2*n. Calculate the remainder when z is divided by 10.
9
Suppose -5*x + 5*r + 30 = -20, -5*x + 34 = 3*r. Calculate the remainder when -4*7*3/(-6) is divided by x.
6
Suppose 2*v + 3*v - 5